15). Calculate j(a).
-14
Let u(j) = -j**3 - j**2 + 3*j + 3. Let c be u(-2). Let t(g) = g - 16. Let l(m) = 7*m - 96. Let w(s) = l(s) - 6*t(s). Determine w(c).
1
Let l(m) = 16*m**2 - m + 1. Let p be l(1). Let y(t) = -16 + 16 - p*t - 3*t. Calculate y(1).
-19
Let x = -239 + 93. Let p = -146 - x. Let a(u) be the second derivative of u**4/12 + 15*u**2/2 + u. Calculate a(p).
15
Let n(c) = -c**2 + 6*c - 2. Suppose -2*k + s = -8, k - 4*s = s - 14. Suppose f = -0*f + k. Suppose -3*i - 5*g = -4 - f, -17 = -4*i - 3*g. Determine n(i).
3
Let k(d) = -9*d - 25. Let j be k(-5). Let y = j + -18. Let p(z) = -8*z + 1. Give p(y).
-15
Let g(h) = 13*h**3 - 2*h**2 + h + 1. Let l be g(1). Suppose -l = -4*d - 9. Let w(t) = 10*t + 1. Determine w(d).
11
Suppose 2*c = -2*c + 12. Let q(f) = 47*f - 9. Let g(k) = 39*k - 8. Let i(j) = 5*g(j) - 4*q(j). Calculate i(c).
17
Let m(c) be the third derivative of c**6/120 - c**5/15 + c**4/8 - c**3/2 + 176*c**2 - 1. Give m(3).
-3
Let s(j) = 2*j - 5 + j - 5*j. Suppose 4*d - 2*d = t - 2, -4 = 2*t - 2*d. What is s(t)?
7
Let k(z) = z + 2. Let b = -312 + 312. Give k(b).
2
Let n = 23 + -10. Suppose 3*g - 2*g = -5*f - n, 0 = 4*f + 4*g + 20. Let s(b) = -3*b**2 - 4*b - 3. Give s(f).
-7
Let h(o) = o - 1. Let g(s) = s - 1. Let y(f) = -f. Let u(q) = -3*g(q) - 4*y(q). Let k be (-58)/8 + (-2)/(-8). Let a be u(k). Determine h(a).
-5
Let f(n) = -5*n + 20. Let w(b) = -b + 4. Let q(m) = -2*f(m) + 11*w(m). Determine q(3).
1
Let o(x) = -x**3 + 10*x**2 - 10*x - 6. Let v(p) = p**2 - 3*p - 10. Let j be v(-3). Determine o(j).
42
Let q(k) = k**3 + 23*k**2 + 3*k + 75. Let l be q(-23). Let w(x) be the second derivative of x**3/6 - 3*x**2 - x. What is w(l)?
0
Let m be ((-6)/36 - 0)*0. Let n(k) = -k**2 - k - 37. Give n(m).
-37
Let d(a) = -a - 10. Let z = -14 - -41. Let w = z - 34. Calculate d(w).
-3
Let l = -614 - -621. Let o(u) = u**3 - 6*u**2 - 7*u - 2. Calculate o(l).
-2
Let q(v) = 5*v - 8. Let i = -390 - -396. What is q(i)?
22
Let t(n) = -n + 4. Let l = 75 - 80. Let p(y) = -3*y + y + y + 7. Let c(s) = l*t(s) + 3*p(s). Calculate c(-7).
-13
Let q(n) be the third derivative of n**5/15 + n**4/12 - n**3/6 - 165*n**2 - 3. Calculate q(1).
5
Let g(w) = w + 1. Let f be g(2). Suppose -h - 4 = 2*a + 5, -f*h = -3*a. Let s(v) = -v - 3. Calculate s(a).
0
Let n(s) = 7*s - 13*s - 21 + 7*s + 25. What is n(-4)?
0
Let r(o) = o**2 + 96 + 97 - o - 192 + 9*o**3. Let a(j) = -j**3 + 6*j**2 - 6*j + 6. Let w be a(5). What is r(w)?
10
Suppose -4*k = -b - 1 + 2, k + 16 = -2*b. Let w = 14 + b. Let q = w - 6. Let j(d) = d**3 - 1. Calculate j(q).
0
Let h be (10/8)/(231/(-44) - -5). Let z(u) be the first derivative of -u**3/3 + 3*u**2/2 + u - 2. Let w(d) be the first derivative of z(d). Give w(h).
13
Let g(d) be the first derivative of 2*d**3/3 - d**2/2 - d + 155. What is g(2)?
5
Let k(m) = m**3 + 5*m**2 - 2*m - 6. Let u be ((-12)/(-14))/((-6)/7 + 1). Suppose 0 = -u*b + 3*b - 15. What is k(b)?
4
Let x be (-648)/30 - (-2)/(-5). Let o = 22 + x. Let c(a) = -a + o*a + 12 - 10. Give c(4).
-2
Suppose -c + 22 = 6. Let p be (2/7 - 0) + c/(-7). Let r(a) be the third derivative of -a**5/60 - a**3/3 + 2*a**2. Calculate r(p).
-6
Let g(m) = -2*m**3 + m**2 - m. Let h(d) = 11*d**3 + d**2 + 7*d - 12. Let i(n) = -5*g(n) - h(n). Calculate i(-5).
-3
Let s(b) = -b**3 - 12*b**2 + 15*b + 12. Suppose -43*v - 389 = 170. Give s(v).
-14
Suppose 47*j = 45*j + 20. Let p(l) = 4*l - 35. Determine p(j).
5
Let a(z) = 21*z + 1. Let c = 0 + 2. Suppose l = i + 1, 0 = c*i + 2*i - 5*l + 4. Determine a(i).
-20
Let s(p) = -p**2 + 5*p - 1. Let y(l) = -3 + 4 + 2*l - 1. Let j be y(1). Suppose -20 = -5*z, i - 24 = -3*i - j*z. Calculate s(i).
3
Let i = 27 + -25. Suppose 5*p = 2*n + n - 28, -p - 3 = i*n. Let b(s) = -s**2 - 4*s + 6. Give b(p).
1
Let j be 4/(-6) + 68/12. Suppose -j = 2*a + 3*a. Let v(s) = -1 - 2*s**2 + 2 + 6*s**2 + s. Give v(a).
4
Let c(m) = m**3 + 4*m**2 - 6*m - 3. Let t be c(-5). Let h be 3 - (-6)/(-4)*t. Let o(g) = g - 3. What is o(h)?
-3
Let x(n) be the third derivative of -n**5/60 + 17*n**4/24 - 17*n**3/6 - 44*n**2 - 2*n. Calculate x(17).
-17
Let o(i) = 16*i + 125. Let t be o(-8). Let d(u) = 1. Let j(n) = n + 8. Let p(x) = 14*d(x) - 2*j(x). Calculate p(t).
4
Let q(h) be the second derivative of h**5/20 - 7*h**4/12 + h**3 - 3*h**2/2 + h - 40. Determine q(6).
-3
Let r(d) = -d**2 + 2. Let f(a) = -7*a**3 + 17*a**2 + 11*a - 15. Let s(v) = -10*v**3 + 25*v**2 + 17*v - 22. Let j(g) = 7*f(g) - 5*s(g). Let w be j(7). Give r(w).
-2
Let t(q) = -7*q + 4. Suppose -64 = 23*h + 9*h. What is t(h)?
18
Let z be 34/51 - (-122)/6. Suppose 5*x - z = 2*x + 3*l, 0 = 4*x - l - 13. Let s(j) = j**2 - 3*j + 1. Calculate s(x).
-1
Let n(m) = -2*m**2 + 28*m + 35. Let a be n(15). Let k(l) = l**3 - 5*l**2 + 4*l - 6. What is k(a)?
14
Let n = -4 + 7. Suppose 0 = -n*p - p. Let m(f) = f**3 + 1. Give m(p).
1
Suppose j - 18 = -4*m, 5*m + 3 - 21 = j. Let h(w) = -3*w**3 + 6*w**2 + 4. Let a(l) = l**3 - l**2 - 1. Let t(i) = 2*a(i) + h(i). Calculate t(m).
2
Let o(w) = -4 - 153*w + 148*w + w**3 + 7*w**2 - 4. What is o(-7)?
27
Let i(x) = -x**3 - 3*x**2 + 4*x + 1. Let s = 2 - 6. Let c be i(s). Let l(g) = -11*g - 8. Let z(q) = -q - 1. Let h(p) = -3*l(p) + 24*z(p). What is h(c)?
9
Let a(v) = -11*v - 81. Let c be a(-7). Let q(d) = 2*d - 5*d + 3*d**2 + 0*d + 2 + d**3 - d**2. Determine q(c).
-18
Let a(p) = 6*p - 13. Let b(i) = -5*i + 11. Let o(g) = -8*a(g) - 9*b(g). What is o(4)?
-7
Let h(m) = 2*m - 8. Let a be h(7). Suppose a = y - 0. Let n(j) = -3572*j + 3565*j + 0*j**2 + j**2. Calculate n(y).
-6
Let p(w) = 4*w - 8. Let h be p(7). Suppose -10*l + 6*l = -h. Let z(u) = 2*u - 7. Let o be z(l). Let q(k) = -k**3 + k**2 + 3*k + 4. Determine q(o).
-5
Let a(i) = 3*i + 4. Suppose 2*p + 20 = 10. What is a(p)?
-11
Let q(y) = 190*y - 374*y + 2 - y**2 + 186*y. What is q(-1)?
-1
Suppose -3*b + 0 + 42 = 0. Let z = 17 - b. Suppose -z*h + 5*n = -28, 5*h + 0*h - 3*n = 36. Let l(g) = 2*g - 6. Calculate l(h).
6
Let p(s) = 4308*s - 4300*s + 2 + 4 + 5*s**3 - 8*s**2 - 4*s**3 + 0*s**3. Let i(x) = 2*x - 4. Let n be i(5). What is p(n)?
-18
Let y = -35 - -92. Let q = 63 - y. Let j(p) = -p + 4. Calculate j(q).
-2
Suppose -5*r - 6*r = -33. Let g(o) be the second derivative of r*o + 0 + 1/6*o**3 - 1/2*o**2. What is g(1)?
0
Let y = -2 - -14. Let w(z) = -y + z + z**2 + 12 + z**3. Suppose -15*h + 15 - 15 = 0. Give w(h).
0
Let q(s) = 13*s + 1. Let d = 593 + -592. Determine q(d).
14
Let b = 0 - -3. Suppose -b = -2*u + 3. Suppose -5*i = -4*q + 17 + 22, -9 = u*i. Let z(x) = x**3 - 7*x**2 + 7*x - 5. Determine z(q).
1
Let j be (-1)/(-2) - 14/(-4). Let m(x) = -4*x**3 + 5*x**2 - 68*x - 5. Let v(u) = -u**3 - 22*u - 2. Let p(f) = -m(f) + 3*v(f). Calculate p(j).
-9
Let m(x) = x. Suppose -19 = 7*l - 5. What is m(l)?
-2
Let x(r) be the first derivative of -r**2 + 11*r + 341. What is x(11)?
-11
Let n(x) = -37*x - 16 + 98*x - x**2 - 73*x. What is n(-10)?
4
Let k = -6 - -12. Let a(d) be the third derivative of -d**6/120 + d**5/10 - 4*d**3/3 + 189*d**2. Calculate a(k).
-8
Let u(j) = -j - 6. Let c(l) = -l**2 - 12*l - 28. Let x be c(-11). Let d(z) = z**3 - 2*z**2 - 6*z + 4. Let v be d(4). Let r = x + v. What is u(r)?
-1
Let c(p) = -1643*p + 3284*p - 1638*p. Determine c(2).
6
Let t(q) = 2*q**2 - 2*q - q**2 - 2*q**2. Suppose 2*l + 4*y + 80 = 0, l + 2*y - 4*y + 36 = 0. Let g = l + 40. What is t(g)?
-8
Let u(m) = -m**3 - 6*m**2 + 30*m + 23. Let s be u(-9). Let d(v) be the third derivative of v**4/12 - 5*v**3/6 + v**2. Determine d(s).
-13
Let o be -1*((-20)/4 + -1). Suppose -j - 3 = 2*z, j + o = -3*z + 4. Let w(p) = -14*p**2 - 2*p + 1. Calculate w(z).
-15
Let z(p) = -2*p**3 - p**2 + p - 2. Let m(b) = 5*b**3 - 10*b**2 - 20. Let w(x) = m(x) + 2*z(x). Give w(12).
0
Let m be 0 + 4/18 - (-50)/18. Let h(d) = d**3 + 3*d**2 + 4*d - 2. Let s(x) = x**3 + 2*x**2 + 5*x - 3. Let g(j) = m*s(j) - 4*h(j). Let r = 14 - 20. Give g(r).
5
Let o(g) be the second derivative of g**3/6 + g**2/2 - 11*g - 1. Give o(-7).
-6
Let t(i) = i + 2. Let j be t(-1). Let o(q) be the third derivative of -q**5/10 + q**3/6 - 8*q**2 + 47*q - 1. What is o(j)?
-5
Let h(k) = 2 - 9*k - 9*k + 1 + 33*k - 8*k. Determine h(-1).
-4
Let p be 10/(-30)*(1 + 17). Let x(k) = -k**3 - 6*k**2 + 3*k + 9. What is x(p)?
-9
Let p(u) = -2 + 3*u**3 + 2 - 2*u**2 + 1. Let w be p(